on divisor of 6 and z?
3
Suppose -4*g + 17 = 1. Suppose -p = g*p - 120. Let x = 4 - -4. What is the highest common divisor of x and p?
8
Suppose 0 = 4*l - 2*l - 30. Suppose 3*j + 48 = z, -j + 5*z - 15 - l = 0. Let i be j/(-1) + 1/(-1). What is the highest common divisor of i and 70?
14
Let y(t) = -t**3 - 8*t**2 + 4*t - 5. Let p be y(-9). Let n = -4 + 2. Let j be (2 + 0)/(n/(-8)). Calculate the highest common divisor of p and j.
8
Let o = 2 + 4. Calculate the greatest common factor of o and 54.
6
Suppose 11*u = 6*u + 110. Calculate the highest common factor of 11 and u.
11
Let a = -1 - 1. Let i = a + 8. Let l be (12/16)/(1/72). Calculate the highest common divisor of l and i.
6
Let v = -2 + -4. Let l be (-12)/8*(-16)/v. Let o(f) = 2*f**2 + 3*f. Let k be o(l). What is the greatest common divisor of 4 and k?
4
Suppose i + 5*p = 3*p - 3, 3*p = 3*i - 27. Suppose -4*r + i = -55. What is the highest common factor of 45 and r?
15
Let p be 3/5 + 14/35 - -89. Calculate the highest common factor of p and 30.
30
Suppose -j + r + 336 = -0*j, 3*j = -3*r + 1038. What is the greatest common divisor of j and 31?
31
Let m(q) = -q + 1. Let u(x) = 49*x - 49. Let g(c) = 42*m(c) + u(c). Let p be g(5). Let w be (1/2)/(2/p). Calculate the greatest common divisor of 28 and w.
7
Suppose -5*r - 5*h + 43 = -77, 0 = 4*r + 5*h - 92. Suppose -3*o - r = -73. What is the greatest common factor of o and 150?
15
Let h = 26 - 14. Calculate the greatest common factor of 3 and h.
3
Let w be (-3 - (-1 - 4)) + 3. Let b(t) = -t**3 + 5*t**2 + 3*t - 4. Let d be b(w). Let v = -40 - -161. Calculate the highest common factor of d and v.
11
Let l be (-1)/(-4) - 42/8. Let m(z) = -4*z + 4. Let v be m(l). What is the greatest common factor of 60 and v?
12
Let x(b) = b**2 + 8*b + 12. Let k be x(6). Calculate the highest common factor of 6 and k.
6
Let w be (-1)/(-5) - (-402)/15. Suppose 4*c - 37 + 1 = 0. Calculate the highest common divisor of w and c.
9
Suppose -5*s + 2*i - 20 = 6*i, 0 = 5*s - 3*i + 20. Let m be s/6 - (-1678)/6. Let w = -125 + m. Calculate the greatest common divisor of 14 and w.
14
Suppose -2*q - 3*q = 5*i - 170, -2*q = -5*i - 96. What is the greatest common divisor of 95 and q?
19
Let t(g) = -12*g - 5. Let d be t(-5). Let y(h) = -h**3 - 12*h**2 + 12*h + 9. Let b be y(-13). Calculate the greatest common factor of d and b.
11
Suppose 22 = a + 6. What is the greatest common factor of a and 48?
16
Let f = -4 - -12. Let s = 13 - f. Suppose -44 = -4*u + r, 7*r - 55 = -s*u + 4*r. What is the greatest common factor of 99 and u?
11
Let l(t) = -t**3 + 9*t**2 - 4*t - 7. Let i be l(7). Let x be (-5)/10 - 86/(-4). Calculate the greatest common factor of x and i.
21
Let m be (-6)/36 - 98/(-12). Let w = m - -40. What is the highest common factor of w and 16?
16
Let l(j) = -j + 6. Let i be l(8). Let d(w) = w**2 - 2. Let o be d(i). Let b = 5 + o. Calculate the greatest common divisor of b and 77.
7
Let p be (1 - (-2 - 0))*3. Calculate the highest common divisor of 72 and p.
9
Let v = 2 + 1. Let f be (0 + -2)/(4/(-94)). Let n = -14 + f. Calculate the highest common divisor of v and n.
3
Suppose 0 = 3*a - 6*a + 39. Calculate the highest common divisor of 117 and a.
13
Let r be (-492)/(-28) - 6/(-14). Suppose -3*h = -78 + r. Let x be -1 + (6*1 - 0). Calculate the greatest common divisor of x and h.
5
Let x(s) = s**3 + 4*s**2 + s + 4. Let u be x(-4). Let f be (3 - 4/2) + u. Calculate the highest common factor of 11 and f.
1
Let t(l) = l**2 - 6*l - 10. Suppose -12 = -a + 2*b, a - 3*a = 2*b - 12. Let h be t(a). Suppose 20 = 2*m - h. Calculate the highest common factor of m and 117.
13
Let a(p) = 15*p + 7. Let g be a(-2). Let t = g - -79. Calculate the highest common factor of 7 and t.
7
Let v(u) = -u**2 + 7*u - 6. Let r(t) = t + 1. Let f be r(4). Let i be v(f). Let q be i/10 - (-12)/20. What is the highest common divisor of 1 and q?
1
Suppose 5*u = -w - w - 31, -2*w = -u + 1. Let t be w/(4/(-8) + -1). What is the greatest common divisor of 5 and t?
1
Let m = -52 - -122. Calculate the highest common factor of m and 14.
14
Let b = 12 + -6. What is the greatest common divisor of 1 and b?
1
Suppose 2*v - 28 = -0*v. Calculate the greatest common factor of 2 and v.
2
Let l = 3 - 6. Let k be (-82)/(l + 2 + 0). Suppose -5*b + 2*t + 107 = 0, 5*b = b - 2*t + k. What is the greatest common factor of 14 and b?
7
Let a be 3/(-2) + (-6)/(-4). Let g be (81 - -2 - -1) + a. Let p(v) = 13*v**3 - v**2 + v - 1. Let k be p(1). Calculate the highest common divisor of k and g.
12
Suppose 3*o + 12 = 6*o. What is the greatest common factor of 28 and o?
4
Suppose w = -4 + 1, 0 = 3*t + 5*w + 9. Let z(p) = -10*p + 1. Let b be z(-1). Let v be b + ((-4)/2)/t. What is the highest common divisor of v and 110?
10
Suppose 3*i = -0*i - 9. Let l be 98 + (i*3)/3. Let f = 16 + 3. What is the highest common factor of f and l?
19
Suppose -2*c - 4*o + 186 = 0, 0*c - 3*o - 151 = -2*c. Let v = c - 15. Suppose -4*d + 0*d + v = 0. What is the greatest common divisor of d and 17?
17
Suppose 0 = -4*i + i + 6, 0 = -t + 5*i + 31. Let o = t + -20. Calculate the greatest common factor of o and 7.
7
Suppose -4*n = 3*u - 6, -n + u - 1 = 3*u. Suppose 48 = 3*z - 4*s - n, 2*s = -4*z + 46. Calculate the highest common factor of z and 13.
13
Let v(k) = -k**2 - 13*k - 14. Let d be v(-10). What is the greatest common divisor of 80 and d?
16
Let j = 12 + 13. Calculate the highest common divisor of 225 and j.
25
Suppose -o - 36 = -2*o + 2*w, -o + 5*w = -45. What is the greatest common factor of o and 90?
30
Let u = 118 - 104. Calculate the greatest common factor of u and 56.
14
Let u be (-4)/((-12)/39) - -2. Let a be ((-12)/u)/(4/(-50)). Let s be (-2)/8 + (-162)/(-8). What is the greatest common divisor of s and a?
10
Let a(j) be the third derivative of -j**4/12 - j**3/2 - 2*j**2. Let k be a(-8). What is the highest common factor of k and 13?
13
Suppose 142 = 4*a - 2*v, 3*v = 2*a + 8*v - 101. Let m = a + 32. What is the greatest common factor of m and 14?
14
Suppose -4*s = -5*s + 5*z + 21, -5*s = -3*z + 5. Let j(o) = -4*o - 6. Let f be j(s). What is the highest common factor of f and 25?
5
Suppose -w = -z + 3, -2*z + w + 4 = -0*w. Suppose 0 = 5*a - a + 5*p - 84, 3*a - 32 = 4*p. Let m = 27 - a. Calculate the greatest common divisor of m and z.
1
Suppose 242 = -5*m + 1067. Let q be 8/(-28) + (-100)/(-7). Suppose -3*b + 31 + q = 0. Calculate the highest common factor of b and m.
15
Let f be 16 + 1 - 1/1. Let h = 6 - 2. Calculate the greatest common divisor of h and f.
4
Let g be (96/56)/((-3)/(-42)). Calculate the highest common factor of g and 6.
6
Suppose 5*t + 3*q - 599 = 0, 0*t = -t + 5*q + 131. Suppose -d + 2 = 3*i, 4*i + 38 = 2*d + 4. Calculate the greatest common divisor of d and t.
11
Suppose 5*t - 2*n - 87 = 0, -2*t + 2*n + 30 + 6 = 0. Suppose -5*r + t = -3. Suppose -2*s - r + 30 = 0. Calculate the greatest common factor of s and 13.
13
Let t = 87 - 31. What is the highest common factor of t and 7?
7
Let d be 83/9 - (-2)/(-9). Suppose -3577 = 5*k + 2073. Let s be 2/9 - k/18. Calculate the highest common divisor of s and d.
9
Suppose 5*r - 68 = -4*d - 0*r, 4*r = 5*d - 85. What is the highest common divisor of 153 and d?
17
Let g = -46 - -100. What is the highest common divisor of 6 and g?
6
Suppose 5*i - 252 = -z, -3*i + 6*i = -z + 150. Let x = i - -24. Suppose n = -4*n + x. Calculate the highest common divisor of n and 105.
15
Suppose -4 - 3 = -p. What is the highest common factor of p and 63?
7
Let n = 3 + -3. Suppose -j - t + 38 = -0*j, n = j + 4*t - 50. What is the greatest common divisor of j and 85?
17
Let d be (-2 - 1)*(-17)/3. Suppose 0 = 3*q + d - 53. What is the greatest common factor of 48 and q?
12
Suppose -5*q + 3*y = -28, -q = -y - 5 - 1. Let s = q - -3. Calculate the highest common factor of 8 and s.
8
Suppose a + 31 - 48 = 0. What is the highest common factor of 17 and a?
17
Let x(q) = q**2 + 2*q - 4. Let w be x(-6). Let o = -5 - -8. Suppose 0 = z + o*z - 16. Calculate the highest common divisor of z and w.
4
Suppose -4*z + 89 = -31. What is the greatest common factor of 6 and z?
6
Let u be 0 + 0 + 2 + 1. Suppose -u*n + 76 = n. Calculate the highest common factor of n and 95.
19
Let w be (-32)/(-40)*(-50)/(-4). Let k be 11/((-11)/(